 f(-38)?
57
Let i(d) = -2*d**2 + 34*d + 791. Calculate i(-17).
-365
Let q(b) = b**3 - 7*b**2 + 8*b + 57. What is q(-5)?
-283
Let g(u) = 4*u**2 - 27*u - 20. Determine g(6).
-38
Let d(a) = -3*a**3 - 3*a**2 + 8*a + 1. Calculate d(2).
-19
Let a(h) = -h**3 - 3*h**2 - 40*h - 176. Calculate a(-4).
0
Let y(v) = -10*v**2 + 61*v - 11. Give y(6).
-5
Let g(z) = -z**2 + 21*z + 1442. What is g(50)?
-8
Let h(m) = m**3 - 35*m**2 + 76*m - 1431. Determine h(34).
-3
Let b(r) = -218*r - 3903. Give b(-18).
21
Let n(h) = -82*h + 3197. What is n(40)?
-83
Let h(i) = -11*i**2 + 96*i + 126. Calculate h(10).
-14
Let d(n) = -2*n**2 + 14*n + 3. What is d(-2)?
-33
Let r(m) = -m**2 + 27*m + 13. What is r(30)?
-77
Let s(h) = -h**3 + 261*h**2 - 4149*h + 13. What is s(17)?
-4
Let o(s) = 2*s**2 + 6*s + 14. What is o(7)?
154
Let n(s) = 834*s + 3337. Determine n(-4).
1
Let l(n) = -n**2 + 120*n - 3241. What is l(44)?
103
Let q(x) = -9*x + 84. What is q(14)?
-42
Let c(r) = -6*r**2 + 31*r - 142. Give c(6).
-172
Let o(z) = z**3 + 6*z**2 - 162*z + 122. Give o(10).
102
Let w(z) = -2*z**3 - 115*z**2 - 1358*z - 186. Calculate w(-41).
19
Let v(l) = l**3 + 2*l**2 - 47*l - 16. Calculate v(6).
-10
Let o(d) = -d**2 - 9*d + 1079. Determine o(27).
107
Let r(v) = -925*v - 2756. Give r(-3).
19
Let t(l) = -608*l + 4766. What is t(8)?
-98
Let i(v) = -v**3 - 8*v**2 - 16*v + 4. Calculate i(-6).
28
Let w(y) = y**3 + 85*y**2 + 685*y - 82. Give w(-76).
-158
Let a(i) = i**2 - 41*i + 425. Calculate a(18).
11
Let l(c) = c**3 + 10*c**2 - 4*c - 81. Calculate l(-11).
-158
Let t(w) = 5*w**2 + 308*w + 542. Calculate t(-60).
62
Let t(g) = 2*g**3 + 6*g**2 + 3*g - 2. Calculate t(3).
115
Let z(y) = 9*y + 241. Give z(-24).
25
Let p(b) = -7*b**3 - 2*b**2 + 281*b + 284. Calculate p(-1).
8
Let t(h) = -48*h - 1463. Calculate t(-30).
-23
Let o(t) = t**3 - 2*t**2 - 5*t - 23. Give o(-5).
-173
Let r(j) = -160*j - 302. Calculate r(-2).
18
Let h(v) = v**3 - 2*v**2 - 12*v - 9. Determine h(-1).
0
Let l(m) = -m**3 + 7*m**2 - 24*m + 58. What is l(4)?
10
Let k(r) = 204*r**3 + 8*r**2 - r - 2. Determine k(1).
209
Let j(y) = 1596*y - 140451. Calculate j(88).
-3
Let w(v) = -75*v + 1436. What is w(19)?
11
Let l(o) = 12*o**2 - 59*o - 8. Give l(5).
-3
Let l(h) = 2*h**2 - 2986*h - 3. What is l(0)?
-3
Let y(w) = w**3 + 12*w**2 - 16*w - 172. Determine y(-12).
20
Let p(j) = -j**3 - 29*j**2 - 98*j - 522. Determine p(-26).
-2
Let x(i) = 2*i**3 + 88*i**2 - 17*i + 279. Determine x(-44).
1027
Let q(l) = l - 302. What is q(-7)?
-309
Let o(y) = y**3 - 27*y**2 + 50*y + 1. Calculate o(25).
1
Let u(l) = l**3 - 33*l**2 + 61*l + 60. Determine u(31).
29
Let a(w) = -w**2 - 58*w - 849. Calculate a(-27).
-12
Let q(m) = -550*m + 1643. What is q(3)?
-7
Let b(f) = -f**3 - 60*f**2 - 55*f + 5. Give b(-59).
-231
Let z(m) = -m**3 + 4*m**2 + 51*m + 21. Determine z(-6).
75
Let g(r) = -r**3 - 47*r**2 + 148*r - 31. Calculate g(-50).
69
Let u(m) = 163*m + 17448. Determine u(-107).
7
Let a(o) = 42*o - 1470. Give a(40).
210
Let r(k) = 7*k**2 + 35*k - 10. Calculate r(-6).
32
Let n(q) = -39*q - 325. Give n(-8).
-13
Let u(x) = -x**3 - 2*x**2 - 302*x + 4. Give u(0).
4
Let l(f) = -2*f**3 - 5*f**2 + 9*f - 7. Calculate l(4).
-179
Let b(x) = -x**3 - 6*x**2 + 88*x - 13. What is b(-13)?
26
Let g(k) = k**3 - 15*k**2 + 38*k - 246. Give g(13).
-90
Let f(d) = d**2 - 32*d - 426. Determine f(42).
-6
Let l(y) = 84*y**2 + 507*y + 16. What is l(-6)?
-2
Let g(x) = 137*x - 1138. Calculate g(8).
-42
Let h(z) = 3*z**3 - 113*z**2 - 39*z + 52. Determine h(38).
14
Let t(k) = -3*k**3 - 6*k**2 - 14*k - 7. What is t(-1)?
4
Let k(i) = 13*i - 810. What is k(66)?
48
Let v(c) = 17*c**2 + 2942*c + 161. What is v(-173)?
-12
Let b(p) = 25*p - 659. Determine b(20).
-159
Let s(x) = -51*x + 808. Give s(15).
43
Let w(c) = c**2 + 529*c - 4837. Determine w(9).
5
Let m(k) = -k**3 + 16*k**2 - 33*k - 271. Determine m(9).
-1
Let y(i) = -2*i**3 - 10*i**2 + 18*i + 25. Calculate y(-6).
-11
Let i(v) = -27*v**2 - 29*v - 9. Calculate i(-1).
-7
Let n(i) = -i**3 + 9*i**2 + 46*i + 8. Determine n(13).
-70
Let m(i) = 60*i - 1935. Calculate m(33).
45
Let a(i) = -i**3 + i**2 + 14*i - 5. Give a(8).
-341
Let n(b) = -2*b**3 - 23*b**2 + 15*b + 25. Give n(-12).
-11
Let h(l) = l**3 + 10*l**2 - 13*l - 20. What is h(-11)?
2
Let q(m) = -m**3 + 148*m**2 - 577*m + 148. Calculate q(144).
4
Let a(i) = -262*i - 6028. Give a(-23).
-2
Let r(a) = 387*a**2 + 386*a + 4. Give r(-1).
5
Let q(v) = 85*v - 932. Give q(11).
3
Let m(d) = 46*d + 3. Give m(-5).
-227
Let t(j) = -198*j - 448. Determine t(1).
-646
Let g(h) = -20*h**2 + 248*h - 2. What is g(13)?
-158
Let g(j) = -j**3 + 38*j**2 - 33*j - 88. Determine g(37).
60
Let i(z) = -z**3 - 9*z**2 - 30*z - 37. Determine i(-6).
35
Let n(g) = -g**3 + 2*g**2 + 24*g - 8. What is n(-7)?
265
Let f(n) = n**3 + 3*n**2 - 113*n - 70. Determine f(-12).
-10
Let h(q) = -41*q**2 + 18*q + 134. What is h(-5)?
-981
Let o(y) = -4*y**2 + 156*y - 1215. Determine o(28).
17
Let x(k) = -2*k**3 - 7*k**2 + 3*k + 5. Give x(0).
5
Let o(i) = -24*i + 9. What is o(0)?
9
Let s(r) = -8*r**2 + 2*r + 28. Determine s(-4).
-108
Let z(d) = 26*d**2 - 57*d + 181. Give z(3).
244
Let m(y) = y**3 - 39*y**2 - 49*y + 457. Give m(40).
97
Let h(t) = -3*t**2 - 154*t + 92. Calculate h(-52).
-12
Let d(l) = -14*l**3 - 84*l**2 - 12*l - 65. Give d(-6).
7
Let q(h) = 66*h + 2171. Give q(-33).
-7
Let s(p) = -211*p + 613. Calculate s(3).
-20
Let a(l) = l**2 - 1684*l - 5065. What is a(-3)?
-4
Let t(f) = -f**2 + 55*f + 633. Calculate t(-11).
-93
Let l(o) = 3*o**2 - 29*o + 42. Give l(10).
52
Let f(w) = 216*w - 1518. Determine f(7).
-6
Let p(b) = 81*b - 29. What is p(1)?
52
Let m(r) = 6*r**3 + 15*r**2 - r - 14. Give m(-2).
0
Let h(j) = -3*j**2 + 188*j - 2717. Calculate h(40).
3
Let h(j) = 1276*j - 148015. Give h(116).
1
Let q(s) = -762*s - 37340. What is q(-49)?
-2
Let c(n) = 114*n + 584. Determine c(-5).
14
Let m(k) = k**3 - 43*k**2 + 29*k + 450. What is m(42)?
-96
Let z(k) = -k**3 + 51*k**2 - 144*k + 2. Determine z(48).
2
Let u(v) = 54*v - 4159. Determine u(77).
-1
Let d(c) = 42*c + 1264. Determine d(-37).
-290
Let a(y) = -y**3 - 11*y**2 + 146*y. Calculate a(9).
-306
Let l(j) = -46*j - 3122. Determine l(-68).
6
Let o(f) = -2*f**3 - 37*f**2 - 52*f + 27. What is o(-17)?
44
Let n(p) = -9*p**3 - 1622*p**2 - 384*p - 4314. Calculate n(-180).
6
Let t(f) = f**2 - 20*f - 35. Give t(-2).
9
Let w(l) = l**2 - 17*l + 77. Calculate w(8).
5
Let u(g) = g**3 - 5*g**2 - 106*g + 27. Calculate u(13).
1
Let q(c) = -c**3 + 22*c**2 + 7*c + 48. Determine q(22).
202
Let t(m) = 32*m - 383. Give t(6).
-191
Let c(n) = n**3 + 11*n**2 + 52*n - 19. Determine c(-8).
-243
Let k(s) = s**3 - 76*s**2 + 63*s + 213. Determine k(75).
-687
Let g(x) = 34*x - 134. Give g(6).
70
Let z(b) = 19*b**2 + 630*b - 31. Determine z(-33).
-130
Let z(q) = 2*q**3 + 99*q**2 + 142*q - 95. What is z(-48)?
1
Let f(w) = -2*w**3 + 190*w**2 + 10*w - 957. Calculate f(95).
-7
Let p(x) = x**3 - 39*x**2 - 93*x + 38. Determine p(41).
-413
Let a(q) = 2*q**3 + 43*q**2 - 20*q + 51. What is a(-22)?
7
Let x(n) = -12*n + 281. What is x(9)?
173
Let c(f) = 83*f**3 - 5728*f**2 + 66*f + 200. What is c(69)?
-7
Let u(d) = 5623*d - 33743. What is u(6)?
-5
Let x(m) = m**2 - 111*m - 3909. Give x(139).
-17
Let x(n) = -8400*n + 16801. Calculate x(2).
1
Let s(b) = 10*b**2 + 1339*b - 16. Determine s(0).
-16
Let u(a) = a**2 + 8*a - 323. Determine u(-18).
-143
Let b(r) = 3*r**3 - 68*r**2 + 32*r - 1268. Determine b(23).
-3
Let h(g) = 15*g**3 - 8*g**2 - 4*g + 4. Give h(-1).
-15
Let r(v) = -22*v - 791. Calculate r(-36).
1
Let r(w) = -315*w + 4. Determine r(-1).
319
Let y(f) = -f**3 + 33*f**2 - 228*f - 509. Determine y(21).
-5
Let m(r) = -3*r - 11. Calculate m(4).
-23
Let v(u) = 499*u**2 + 8*u + 5. What is v(-1)?
496
Let n(s) = 76*s - 63. Give n(5).
317
Let v(m) = -20*m - 545. Give v(-29).
35
Let w(y) = -45*y - 8002. What is w(-178)?
8
Let n(v) = -v**2 - 715*v + 3600. Determine n(5).
0
Let d(q) = -1962*q - 19653. Determine d(-10).
-33
Let w(y) = -17*y**2 + 153*y - 613. Give w(4).
-273
Let y(o) = -12*o - 566. Determine y(-41).
-74
Let i(h) = -h**3 - 4*h**2 - 21*h - 58. Calculate i(-7).
236
Let h(m) = -290*m + 18. What is h(1)?
-272
Let o(l) = 774*l + 13219. What is o(-17)?
61
Let j(v) = 2*v**2 - 9*v - 59. What is j(-7)?
102
Let t(v) = -23*v**2 + 6*v